{"id":292,"date":"2026-01-31T20:15:21","date_gmt":"2026-02-01T01:15:21","guid":{"rendered":"https:\/\/pressbooks.bccampus.ca\/butiliveresourcefrancais\/?post_type=chapter&#038;p=292"},"modified":"2026-03-29T23:44:33","modified_gmt":"2026-03-30T03:44:33","slug":"conclusion-de-lunite","status":"publish","type":"chapter","link":"https:\/\/pressbooks.bccampus.ca\/butiliveresourcefrancais\/chapter\/conclusion-de-lunite\/","title":{"raw":"Conclusion de l\u2019unit\u00e9","rendered":"Conclusion de l\u2019unit\u00e9"},"content":{"raw":"<p style=\"font-weight: 400\">Les \u00e9l\u00e8ves partageront leur(s) page(s) de r\u00e9ponse en forme de r\u00e9cit graphique en petits groupes.<\/p>\r\n\r\n<div class=\"textbox textbox--learning-objectives\"><header class=\"textbox__header\">\r\n<p style=\"font-weight: 400\">Objectifs d\u2019apprentissage<\/p>\r\n\r\n<\/header>\r\n<div class=\"textbox__content\">\r\n<p style=\"font-weight: 400\">Les \u00e9l\u00e8ves seront capables de\/d\u2019 :<\/p>\r\n\r\n<ul>\r\n \t<li>\u00eatre pr\u00e9sent.e.s dans un espace de courage et de confiance et d\u2019y partager leurs exp\u00e9riences et ce qui a \u00e9t\u00e9 retenu des le\u00e7ons pr\u00e9c\u00e9dentes sur l\u2019importance des t\u00e9moignages de survivant\u00b7es et de la r\u00e9silience.<\/li>\r\n \t<li>comprendre comment la r\u00e9silience nous permet de surmonter l\u2019adversit\u00e9.<\/li>\r\n \t<li>analyser et de d\u00e9crire les choix artistiques dans l'art de cr\u00e9er et de recr\u00e9er \u00e0 partir de souvenirs et de sentiments personnels.<\/li>\r\n<\/ul>\r\n<\/div>\r\n<\/div>\r\n<h2>Introduction<\/h2>\r\n<p style=\"font-weight: 400\">Revoyez l\u2019accord sur les espaces de courage \u00e9tabli au d\u00e9but de l\u2019unit\u00e9. Rappelez aux \u00e9l\u00e8ves que le fait de communiquer ce qu\u2019ils et elles ont ressenti en \u00e9tudiant l\u2019Holocauste et le g\u00e9nocide en g\u00e9n\u00e9ral ainsi que la capacit\u00e9 de l\u2019art \u00e0 exprimer des v\u00e9rit\u00e9s difficiles s\u2019inscrit dans une d\u00e9marche de courage authentique. Mettez en contexte la prochaine activit\u00e9 de partage comme moyen de rendre hommage aux histoires des survivant\u00b7es. David, Nico, Rolf et Emmie ont eu le courage de t\u00e9moigner de leur histoire devant le monde - partager nos exp\u00e9riences profondes avec nos pairs revient \u00e0 honorer leur contribution par l\u2019acte d\u2019apprendre.<\/p>\r\n\r\n<h2>Activit\u00e9s de la le\u00e7on<\/h2>\r\n<h3 style=\"font-weight: 400\">Partage des r\u00e9cits graphiques<\/h3>\r\n<p style=\"font-weight: 400\">R\u00e9partissez les \u00e9l\u00e8ves en petits groupes de trois ou quatre pour partager et expliquer leurs projets. Gr\u00e2ce \u00e0 la discussion, chaque groupe cultivera un espace de courage. Pour faciliter celle-ci, ils pourront faire appel \u00e0 la feuille de travail\u00a0\u00ab\u2009D\u00e9claration de l\u2019artiste\u2009\u00bb comme guide.<\/p>\r\n\r\n<h3 style=\"font-weight: 400\">Conclusion<\/h3>\r\n<p style=\"font-weight: 400\">Terminez par une discussion de classe au cours de laquelle les r\u00e9cits graphiques seront partag\u00e9s et la forme artistique d\u00e9battue.<\/p>\r\n&nbsp;","rendered":"<p style=\"font-weight: 400\">Les \u00e9l\u00e8ves partageront leur(s) page(s) de r\u00e9ponse en forme de r\u00e9cit graphique en petits groupes.<\/p>\n<div class=\"textbox textbox--learning-objectives\">\n<header class=\"textbox__header\">\n<p style=\"font-weight: 400\">Objectifs d\u2019apprentissage<\/p>\n<\/header>\n<div class=\"textbox__content\">\n<p style=\"font-weight: 400\">Les \u00e9l\u00e8ves seront capables de\/d\u2019 :<\/p>\n<ul>\n<li>\u00eatre pr\u00e9sent.e.s dans un espace de courage et de confiance et d\u2019y partager leurs exp\u00e9riences et ce qui a \u00e9t\u00e9 retenu des le\u00e7ons pr\u00e9c\u00e9dentes sur l\u2019importance des t\u00e9moignages de survivant\u00b7es et de la r\u00e9silience.<\/li>\n<li>comprendre comment la r\u00e9silience nous permet de surmonter l\u2019adversit\u00e9.<\/li>\n<li>analyser et de d\u00e9crire les choix artistiques dans l&rsquo;art de cr\u00e9er et de recr\u00e9er \u00e0 partir de souvenirs et de sentiments personnels.<\/li>\n<\/ul>\n<\/div>\n<\/div>\n<h2>Introduction<\/h2>\n<p style=\"font-weight: 400\">Revoyez l\u2019accord sur les espaces de courage \u00e9tabli au d\u00e9but de l\u2019unit\u00e9. Rappelez aux \u00e9l\u00e8ves que le fait de communiquer ce qu\u2019ils et elles ont ressenti en \u00e9tudiant l\u2019Holocauste et le g\u00e9nocide en g\u00e9n\u00e9ral ainsi que la capacit\u00e9 de l\u2019art \u00e0 exprimer des v\u00e9rit\u00e9s difficiles s\u2019inscrit dans une d\u00e9marche de courage authentique. Mettez en contexte la prochaine activit\u00e9 de partage comme moyen de rendre hommage aux histoires des survivant\u00b7es. David, Nico, Rolf et Emmie ont eu le courage de t\u00e9moigner de leur histoire devant le monde &#8211; partager nos exp\u00e9riences profondes avec nos pairs revient \u00e0 honorer leur contribution par l\u2019acte d\u2019apprendre.<\/p>\n<h2>Activit\u00e9s de la le\u00e7on<\/h2>\n<h3 style=\"font-weight: 400\">Partage des r\u00e9cits graphiques<\/h3>\n<p style=\"font-weight: 400\">R\u00e9partissez les \u00e9l\u00e8ves en petits groupes de trois ou quatre pour partager et expliquer leurs projets. Gr\u00e2ce \u00e0 la discussion, chaque groupe cultivera un espace de courage. Pour faciliter celle-ci, ils pourront faire appel \u00e0 la feuille de travail\u00a0\u00ab\u2009D\u00e9claration de l\u2019artiste\u2009\u00bb comme guide.<\/p>\n<h3 style=\"font-weight: 400\">Conclusion<\/h3>\n<p style=\"font-weight: 400\">Terminez par une discussion de classe au cours de laquelle les r\u00e9cits graphiques seront partag\u00e9s et la forme artistique d\u00e9battue.<\/p>\n<p>&nbsp;<\/p>\n","protected":false},"author":2542,"menu_order":6,"template":"","meta":{"pb_show_title":"on","pb_short_title":"","pb_subtitle":"","pb_authors":[],"pb_section_license":""},"chapter-type":[49],"contributor":[],"license":[],"class_list":["post-292","chapter","type-chapter","status-publish","hentry","chapter-type-numberless"],"part":269,"_links":{"self":[{"href":"https:\/\/pressbooks.bccampus.ca\/butiliveresourcefrancais\/wp-json\/pressbooks\/v2\/chapters\/292","targetHints":{"allow":["GET"]}}],"collection":[{"href":"https:\/\/pressbooks.bccampus.ca\/butiliveresourcefrancais\/wp-json\/pressbooks\/v2\/chapters"}],"about":[{"href":"https:\/\/pressbooks.bccampus.ca\/butiliveresourcefrancais\/wp-json\/wp\/v2\/types\/chapter"}],"author":[{"embeddable":true,"href":"https:\/\/pressbooks.bccampus.ca\/butiliveresourcefrancais\/wp-json\/wp\/v2\/users\/2542"}],"version-history":[{"count":4,"href":"https:\/\/pressbooks.bccampus.ca\/butiliveresourcefrancais\/wp-json\/pressbooks\/v2\/chapters\/292\/revisions"}],"predecessor-version":[{"id":593,"href":"https:\/\/pressbooks.bccampus.ca\/butiliveresourcefrancais\/wp-json\/pressbooks\/v2\/chapters\/292\/revisions\/593"}],"part":[{"href":"https:\/\/pressbooks.bccampus.ca\/butiliveresourcefrancais\/wp-json\/pressbooks\/v2\/parts\/269"}],"metadata":[{"href":"https:\/\/pressbooks.bccampus.ca\/butiliveresourcefrancais\/wp-json\/pressbooks\/v2\/chapters\/292\/metadata\/"}],"wp:attachment":[{"href":"https:\/\/pressbooks.bccampus.ca\/butiliveresourcefrancais\/wp-json\/wp\/v2\/media?parent=292"}],"wp:term":[{"taxonomy":"chapter-type","embeddable":true,"href":"https:\/\/pressbooks.bccampus.ca\/butiliveresourcefrancais\/wp-json\/pressbooks\/v2\/chapter-type?post=292"},{"taxonomy":"contributor","embeddable":true,"href":"https:\/\/pressbooks.bccampus.ca\/butiliveresourcefrancais\/wp-json\/wp\/v2\/contributor?post=292"},{"taxonomy":"license","embeddable":true,"href":"https:\/\/pressbooks.bccampus.ca\/butiliveresourcefrancais\/wp-json\/wp\/v2\/license?post=292"}],"curies":[{"name":"wp","href":"https:\/\/api.w.org\/{rel}","templated":true}]}}

Conclusion de l’unité

<p style="font-weight: 400">Les élèves partageront leur(s) page(s) de réponse en forme de récit graphique en petits groupes.</p>

<div class="textbox textbox--learning-objectives"><header class="textbox__header">
<p style="font-weight: 400">Objectifs d’apprentissage</p>

</header>
<div class="textbox__content">
<p style="font-weight: 400">Les élèves seront capables de/d’ :</p>

<ul>
 	<li>être présent.e.s dans un espace de courage et de confiance et d’y partager leurs expériences et ce qui a été retenu des leçons précédentes sur l’importance des témoignages de survivant·es et de la résilience.</li>
 	<li>comprendre comment la résilience nous permet de surmonter l’adversité.</li>
 	<li>analyser et de décrire les choix artistiques dans l'art de créer et de recréer à partir de souvenirs et de sentiments personnels.</li>
</ul>
</div>
</div>
<h2>Introduction</h2>
<p style="font-weight: 400">Revoyez l’accord sur les espaces de courage établi au début de l’unité. Rappelez aux élèves que le fait de communiquer ce qu’ils et elles ont ressenti en étudiant l’Holocauste et le génocide en général ainsi que la capacité de l’art à exprimer des vérités difficiles s’inscrit dans une démarche de courage authentique. Mettez en contexte la prochaine activité de partage comme moyen de rendre hommage aux histoires des survivant·es. David, Nico, Rolf et Emmie ont eu le courage de témoigner de leur histoire devant le monde - partager nos expériences profondes avec nos pairs revient à honorer leur contribution par l’acte d’apprendre.</p>

<h2>Activités de la leçon</h2>
<h3 style="font-weight: 400">Partage des récits graphiques</h3>
<p style="font-weight: 400">Répartissez les élèves en petits groupes de trois ou quatre pour partager et expliquer leurs projets. Grâce à la discussion, chaque groupe cultivera un espace de courage. Pour faciliter celle-ci, ils pourront faire appel à la feuille de travail « Déclaration de l’artiste » comme guide.</p>

<h3 style="font-weight: 400">Conclusion</h3>
<p style="font-weight: 400">Terminez par une discussion de classe au cours de laquelle les récits graphiques seront partagés et la forme artistique débattue.</p>
&nbsp;

<p style="font-weight: 400">Les élèves partageront leur(s) page(s) de réponse en forme de récit graphique en petits groupes.</p>
<div class="textbox textbox--learning-objectives">
<header class="textbox__header">
<p style="font-weight: 400">Objectifs d’apprentissage</p>
</header>
<div class="textbox__content">
<p style="font-weight: 400">Les élèves seront capables de/d’ :</p>
<ul>
<li>être présent.e.s dans un espace de courage et de confiance et d’y partager leurs expériences et ce qui a été retenu des leçons précédentes sur l’importance des témoignages de survivant·es et de la résilience.</li>
<li>comprendre comment la résilience nous permet de surmonter l’adversité.</li>
<li>analyser et de décrire les choix artistiques dans l&rsquo;art de créer et de recréer à partir de souvenirs et de sentiments personnels.</li>
</ul>
</div>
</div>
<h2>Introduction</h2>
<p style="font-weight: 400">Revoyez l’accord sur les espaces de courage établi au début de l’unité. Rappelez aux élèves que le fait de communiquer ce qu’ils et elles ont ressenti en étudiant l’Holocauste et le génocide en général ainsi que la capacité de l’art à exprimer des vérités difficiles s’inscrit dans une démarche de courage authentique. Mettez en contexte la prochaine activité de partage comme moyen de rendre hommage aux histoires des survivant·es. David, Nico, Rolf et Emmie ont eu le courage de témoigner de leur histoire devant le monde &#8211; partager nos expériences profondes avec nos pairs revient à honorer leur contribution par l’acte d’apprendre.</p>
<h2>Activités de la leçon</h2>
<h3 style="font-weight: 400">Partage des récits graphiques</h3>
<p style="font-weight: 400">Répartissez les élèves en petits groupes de trois ou quatre pour partager et expliquer leurs projets. Grâce à la discussion, chaque groupe cultivera un espace de courage. Pour faciliter celle-ci, ils pourront faire appel à la feuille de travail « Déclaration de l’artiste » comme guide.</p>
<h3 style="font-weight: 400">Conclusion</h3>
<p style="font-weight: 400">Terminez par une discussion de classe au cours de laquelle les récits graphiques seront partagés et la forme artistique débattue.</p>
<p>&nbsp;</p>
