{"id":329,"date":"2026-02-06T14:38:21","date_gmt":"2026-02-06T19:38:21","guid":{"rendered":"https:\/\/pressbooks.bccampus.ca\/butiliveresourcefrancais\/?post_type=chapter&#038;p=329"},"modified":"2026-04-08T19:30:13","modified_gmt":"2026-04-08T23:30:13","slug":"la-pensee-historique","status":"publish","type":"chapter","link":"https:\/\/pressbooks.bccampus.ca\/butiliveresourcefrancais\/chapter\/la-pensee-historique\/","title":{"raw":"La pens\u00e9e historique","rendered":"La pens\u00e9e historique"},"content":{"raw":"<p style=\"font-weight: 400\">\u00ab\u00a0The Historical Thinking Project \u00a0a \u00e9t\u00e9 con\u00e7u pour favoriser une nouvelle approche de l'enseignement de l'histoire, qui pourrait faire \u00e9voluer la mani\u00e8re dont les enseignant\u00b7es enseignent et dont les \u00e9l\u00e8vesapprennent, conform\u00e9ment aux r\u00e9centes recherches internationales sur l'apprentissage de l'histoire. Ce projet s'articule autour de l\u2019id\u00e9e que la pens\u00e9e historique \u2013 comme\u00a0 la pens\u00e9e scientifique dans l'enseignement des sciences et la pens\u00e9e math\u00e9matique dans l'enseignement des math\u00e9matiques \u2013 est au c\u0153ur de l'enseignement de l'histoire et que les \u00e9l\u00e8ves devraient devenir de plus en plus comp\u00e9tent\u00b7es \u00a0en tant que penseur\u00b7ses historiques au cours de leur parcours scolaire. Le projet a d\u00e9velopp\u00e9 un sch\u00e9ma de six concepts de r\u00e9flexion historique afin de fournir un moyen de communiquer des id\u00e9es complexes \u00e0 un public large et vari\u00e9 d'utilisateur\u00b7rices potentiel\u00b7les\u00a0.\u00a0\u00bb<\/p>\r\n<p style=\"font-weight: 400\">\u2013\u00a0<a href=\"http:\/\/www.historicalthinking.ca\/\">Historical Thinking Project<\/a><\/p>\r\n\r\n<div style=\"font-weight: 400\">\r\n<div>\r\n<div><\/div>\r\n<\/div>\r\n<div>\r\n<p style=\"font-weight: 400\">*Cette citation a \u00e9t\u00e9 traduite \u00e0 partir d'un extrait du site web cit\u00e9 ci-dessus.<\/p>\r\n<p style=\"font-weight: 400\"><a href=\"https:\/\/www.thecanadianencyclopedia.ca\/fr\/article\/concepts-de-la-pensee-historique\">L\u2019encyclop\u00e9die canadienne \u2013 concepts de la pens\u00e9e historique<\/a><\/p>\r\n&nbsp;\r\n<div style=\"font-weight: 400\">\r\n\r\n&nbsp;\r\n\r\n<\/div>\r\n<\/div>\r\n<\/div>","rendered":"<p style=\"font-weight: 400\">\u00ab\u00a0The Historical Thinking Project \u00a0a \u00e9t\u00e9 con\u00e7u pour favoriser une nouvelle approche de l&rsquo;enseignement de l&rsquo;histoire, qui pourrait faire \u00e9voluer la mani\u00e8re dont les enseignant\u00b7es enseignent et dont les \u00e9l\u00e8vesapprennent, conform\u00e9ment aux r\u00e9centes recherches internationales sur l&rsquo;apprentissage de l&rsquo;histoire. Ce projet s&rsquo;articule autour de l\u2019id\u00e9e que la pens\u00e9e historique \u2013 comme\u00a0 la pens\u00e9e scientifique dans l&rsquo;enseignement des sciences et la pens\u00e9e math\u00e9matique dans l&rsquo;enseignement des math\u00e9matiques \u2013 est au c\u0153ur de l&rsquo;enseignement de l&rsquo;histoire et que les \u00e9l\u00e8ves devraient devenir de plus en plus comp\u00e9tent\u00b7es \u00a0en tant que penseur\u00b7ses historiques au cours de leur parcours scolaire. Le projet a d\u00e9velopp\u00e9 un sch\u00e9ma de six concepts de r\u00e9flexion historique afin de fournir un moyen de communiquer des id\u00e9es complexes \u00e0 un public large et vari\u00e9 d&rsquo;utilisateur\u00b7rices potentiel\u00b7les\u00a0.\u00a0\u00bb<\/p>\n<p style=\"font-weight: 400\">\u2013\u00a0<a href=\"http:\/\/www.historicalthinking.ca\/\">Historical Thinking Project<\/a><\/p>\n<div style=\"font-weight: 400\">\n<div>\n<div><\/div>\n<\/div>\n<div>\n<p style=\"font-weight: 400\">*Cette citation a \u00e9t\u00e9 traduite \u00e0 partir d&rsquo;un extrait du site web cit\u00e9 ci-dessus.<\/p>\n<p style=\"font-weight: 400\"><a href=\"https:\/\/www.thecanadianencyclopedia.ca\/fr\/article\/concepts-de-la-pensee-historique\">L\u2019encyclop\u00e9die canadienne \u2013 concepts de la pens\u00e9e historique<\/a><\/p>\n<p>&nbsp;<\/p>\n<div style=\"font-weight: 400\">\n<p>&nbsp;<\/p>\n<\/div>\n<\/div>\n<\/div>\n","protected":false},"author":2542,"menu_order":3,"template":"","meta":{"pb_show_title":"on","pb_short_title":"","pb_subtitle":"","pb_authors":[],"pb_section_license":""},"chapter-type":[49],"contributor":[],"license":[],"class_list":["post-329","chapter","type-chapter","status-publish","hentry","chapter-type-numberless"],"part":321,"_links":{"self":[{"href":"https:\/\/pressbooks.bccampus.ca\/butiliveresourcefrancais\/wp-json\/pressbooks\/v2\/chapters\/329","targetHints":{"allow":["GET"]}}],"collection":[{"href":"https:\/\/pressbooks.bccampus.ca\/butiliveresourcefrancais\/wp-json\/pressbooks\/v2\/chapters"}],"about":[{"href":"https:\/\/pressbooks.bccampus.ca\/butiliveresourcefrancais\/wp-json\/wp\/v2\/types\/chapter"}],"author":[{"embeddable":true,"href":"https:\/\/pressbooks.bccampus.ca\/butiliveresourcefrancais\/wp-json\/wp\/v2\/users\/2542"}],"version-history":[{"count":3,"href":"https:\/\/pressbooks.bccampus.ca\/butiliveresourcefrancais\/wp-json\/pressbooks\/v2\/chapters\/329\/revisions"}],"predecessor-version":[{"id":695,"href":"https:\/\/pressbooks.bccampus.ca\/butiliveresourcefrancais\/wp-json\/pressbooks\/v2\/chapters\/329\/revisions\/695"}],"part":[{"href":"https:\/\/pressbooks.bccampus.ca\/butiliveresourcefrancais\/wp-json\/pressbooks\/v2\/parts\/321"}],"metadata":[{"href":"https:\/\/pressbooks.bccampus.ca\/butiliveresourcefrancais\/wp-json\/pressbooks\/v2\/chapters\/329\/metadata\/"}],"wp:attachment":[{"href":"https:\/\/pressbooks.bccampus.ca\/butiliveresourcefrancais\/wp-json\/wp\/v2\/media?parent=329"}],"wp:term":[{"taxonomy":"chapter-type","embeddable":true,"href":"https:\/\/pressbooks.bccampus.ca\/butiliveresourcefrancais\/wp-json\/pressbooks\/v2\/chapter-type?post=329"},{"taxonomy":"contributor","embeddable":true,"href":"https:\/\/pressbooks.bccampus.ca\/butiliveresourcefrancais\/wp-json\/wp\/v2\/contributor?post=329"},{"taxonomy":"license","embeddable":true,"href":"https:\/\/pressbooks.bccampus.ca\/butiliveresourcefrancais\/wp-json\/wp\/v2\/license?post=329"}],"curies":[{"name":"wp","href":"https:\/\/api.w.org\/{rel}","templated":true}]}}

La pensée historique

<p style="font-weight: 400">« The Historical Thinking Project  a été conçu pour favoriser une nouvelle approche de l'enseignement de l'histoire, qui pourrait faire évoluer la manière dont les enseignant·es enseignent et dont les élèvesapprennent, conformément aux récentes recherches internationales sur l'apprentissage de l'histoire. Ce projet s'articule autour de l’idée que la pensée historique – comme  la pensée scientifique dans l'enseignement des sciences et la pensée mathématique dans l'enseignement des mathématiques – est au cœur de l'enseignement de l'histoire et que les élèves devraient devenir de plus en plus compétent·es  en tant que penseur·ses historiques au cours de leur parcours scolaire. Le projet a développé un schéma de six concepts de réflexion historique afin de fournir un moyen de communiquer des idées complexes à un public large et varié d'utilisateur·rices potentiel·les . »</p>
<p style="font-weight: 400">– <a href="http://www.historicalthinking.ca/">Historical Thinking Project</a></p>

<div style="font-weight: 400">
<div>
<div></div>
</div>
<div>
<p style="font-weight: 400">*Cette citation a été traduite à partir d'un extrait du site web cité ci-dessus.</p>
<p style="font-weight: 400"><a href="https://www.thecanadianencyclopedia.ca/fr/article/concepts-de-la-pensee-historique">L’encyclopédie canadienne – concepts de la pensée historique</a></p>
&nbsp;
<div style="font-weight: 400">

&nbsp;

</div>
</div>
</div>

<p style="font-weight: 400">« The Historical Thinking Project  a été conçu pour favoriser une nouvelle approche de l&rsquo;enseignement de l&rsquo;histoire, qui pourrait faire évoluer la manière dont les enseignant·es enseignent et dont les élèvesapprennent, conformément aux récentes recherches internationales sur l&rsquo;apprentissage de l&rsquo;histoire. Ce projet s&rsquo;articule autour de l’idée que la pensée historique – comme  la pensée scientifique dans l&rsquo;enseignement des sciences et la pensée mathématique dans l&rsquo;enseignement des mathématiques – est au cœur de l&rsquo;enseignement de l&rsquo;histoire et que les élèves devraient devenir de plus en plus compétent·es  en tant que penseur·ses historiques au cours de leur parcours scolaire. Le projet a développé un schéma de six concepts de réflexion historique afin de fournir un moyen de communiquer des idées complexes à un public large et varié d&rsquo;utilisateur·rices potentiel·les . »</p>
<p style="font-weight: 400">– <a href="http://www.historicalthinking.ca/">Historical Thinking Project</a></p>
<div style="font-weight: 400">
<div>
<div></div>
</div>
<div>
<p style="font-weight: 400">*Cette citation a été traduite à partir d&rsquo;un extrait du site web cité ci-dessus.</p>
<p style="font-weight: 400"><a href="https://www.thecanadianencyclopedia.ca/fr/article/concepts-de-la-pensee-historique">L’encyclopédie canadienne – concepts de la pensée historique</a></p>
<p>&nbsp;</p>
<div style="font-weight: 400">
<p>&nbsp;</p>
</div>
</div>
</div>
