{"id":84,"date":"2026-01-10T17:30:32","date_gmt":"2026-01-10T22:30:32","guid":{"rendered":"https:\/\/pressbooks.bccampus.ca\/butiliveresourcefrancais\/?post_type=front-matter&#038;p=84"},"modified":"2026-03-30T00:17:40","modified_gmt":"2026-03-30T04:17:40","slug":"droit-dauteur","status":"publish","type":"front-matter","link":"https:\/\/pressbooks.bccampus.ca\/butiliveresourcefrancais\/front-matter\/droit-dauteur\/","title":{"raw":"Droit d'auteur","rendered":"Droit d&rsquo;auteur"},"content":{"raw":"<p style=\"font-weight: 400\">Cette ressource \u00e9ducative est partag\u00e9e sous la licence Creative Commons BY-NC. Vous avez le droit de\/d\u2019 :<\/p>\r\n\r\n<ol>\r\n \t<li><strong>partager <\/strong>\u2013 de copier et de redistribuer le mat\u00e9riel sur n\u2019importe quel support ou dans n\u2019importe quel format, et<\/li>\r\n \t<li><strong>adapter<\/strong> \u2013 de modifier, de transformer et de d\u00e9velopper le mat\u00e9riel<\/li>\r\n<\/ol>\r\n<p style=\"font-weight: 400\">\u00e0 condition que vous n\u2019utilisiez pas les ressources pour un usage commercial et que vous fournissiez l\u2019attribution appropri\u00e9e.<\/p>\r\n<p style=\"font-weight: 400\">Veuillez contacter Andrea Webb si vous pr\u00e9voyez utiliser les ressources de mani\u00e8res diff\u00e9rentes celle pr\u00e9vue dans la description ci-dessus ou encore si vous voulez les utiliser dans d\u2019autres contextes.<\/p>\r\n\r\n<h2>Vid\u00e9os<\/h2>\r\n<p style=\"font-weight: 400\">Les vid\u00e9os int\u00e9gr\u00e9es sont utilis\u00e9es avec l\u2019autorisation des <a href=\"https:\/\/collections.vhec.org\/Testimony\/Index\">Vancouver Holocaust Education Centre, Collections (Holocaust Testimony)<\/a>. Les vid\u00e9os sont disponibles uniquement \u00e0 des fins de recherche et d\u2019\u00e9ducation. <a href=\"https:\/\/collections.vhec.org\/About\/connect\">Contactez<\/a> le VHEC pour demander l\u2019acc\u00e8s aux enregistrements complets.<\/p>","rendered":"<p style=\"font-weight: 400\">Cette ressource \u00e9ducative est partag\u00e9e sous la licence Creative Commons BY-NC. Vous avez le droit de\/d\u2019 :<\/p>\n<ol>\n<li><strong>partager <\/strong>\u2013 de copier et de redistribuer le mat\u00e9riel sur n\u2019importe quel support ou dans n\u2019importe quel format, et<\/li>\n<li><strong>adapter<\/strong> \u2013 de modifier, de transformer et de d\u00e9velopper le mat\u00e9riel<\/li>\n<\/ol>\n<p style=\"font-weight: 400\">\u00e0 condition que vous n\u2019utilisiez pas les ressources pour un usage commercial et que vous fournissiez l\u2019attribution appropri\u00e9e.<\/p>\n<p style=\"font-weight: 400\">Veuillez contacter Andrea Webb si vous pr\u00e9voyez utiliser les ressources de mani\u00e8res diff\u00e9rentes celle pr\u00e9vue dans la description ci-dessus ou encore si vous voulez les utiliser dans d\u2019autres contextes.<\/p>\n<h2>Vid\u00e9os<\/h2>\n<p style=\"font-weight: 400\">Les vid\u00e9os int\u00e9gr\u00e9es sont utilis\u00e9es avec l\u2019autorisation des <a href=\"https:\/\/collections.vhec.org\/Testimony\/Index\">Vancouver Holocaust Education Centre, Collections (Holocaust Testimony)<\/a>. Les vid\u00e9os sont disponibles uniquement \u00e0 des fins de recherche et d\u2019\u00e9ducation. <a href=\"https:\/\/collections.vhec.org\/About\/connect\">Contactez<\/a> le VHEC pour demander l\u2019acc\u00e8s aux enregistrements complets.<\/p>\n","protected":false},"author":2542,"menu_order":3,"template":"","meta":{"pb_show_title":"on","pb_short_title":"","pb_subtitle":"","pb_authors":[],"pb_section_license":""},"front-matter-type":[],"contributor":[],"license":[],"class_list":["post-84","front-matter","type-front-matter","status-publish","hentry"],"_links":{"self":[{"href":"https:\/\/pressbooks.bccampus.ca\/butiliveresourcefrancais\/wp-json\/pressbooks\/v2\/front-matter\/84","targetHints":{"allow":["GET"]}}],"collection":[{"href":"https:\/\/pressbooks.bccampus.ca\/butiliveresourcefrancais\/wp-json\/pressbooks\/v2\/front-matter"}],"about":[{"href":"https:\/\/pressbooks.bccampus.ca\/butiliveresourcefrancais\/wp-json\/wp\/v2\/types\/front-matter"}],"author":[{"embeddable":true,"href":"https:\/\/pressbooks.bccampus.ca\/butiliveresourcefrancais\/wp-json\/wp\/v2\/users\/2542"}],"version-history":[{"count":4,"href":"https:\/\/pressbooks.bccampus.ca\/butiliveresourcefrancais\/wp-json\/pressbooks\/v2\/front-matter\/84\/revisions"}],"predecessor-version":[{"id":609,"href":"https:\/\/pressbooks.bccampus.ca\/butiliveresourcefrancais\/wp-json\/pressbooks\/v2\/front-matter\/84\/revisions\/609"}],"metadata":[{"href":"https:\/\/pressbooks.bccampus.ca\/butiliveresourcefrancais\/wp-json\/pressbooks\/v2\/front-matter\/84\/metadata\/"}],"wp:attachment":[{"href":"https:\/\/pressbooks.bccampus.ca\/butiliveresourcefrancais\/wp-json\/wp\/v2\/media?parent=84"}],"wp:term":[{"taxonomy":"front-matter-type","embeddable":true,"href":"https:\/\/pressbooks.bccampus.ca\/butiliveresourcefrancais\/wp-json\/pressbooks\/v2\/front-matter-type?post=84"},{"taxonomy":"contributor","embeddable":true,"href":"https:\/\/pressbooks.bccampus.ca\/butiliveresourcefrancais\/wp-json\/wp\/v2\/contributor?post=84"},{"taxonomy":"license","embeddable":true,"href":"https:\/\/pressbooks.bccampus.ca\/butiliveresourcefrancais\/wp-json\/wp\/v2\/license?post=84"}],"curies":[{"name":"wp","href":"https:\/\/api.w.org\/{rel}","templated":true}]}}

<p style="font-weight: 400">Cette ressource éducative est partagée sous la licence Creative Commons BY-NC. Vous avez le droit de/d’ :</p>

<ol>
 	<li><strong>partager </strong>– de copier et de redistribuer le matériel sur n’importe quel support ou dans n’importe quel format, et</li>
 	<li><strong>adapter</strong> – de modifier, de transformer et de développer le matériel</li>
</ol>
<p style="font-weight: 400">à condition que vous n’utilisiez pas les ressources pour un usage commercial et que vous fournissiez l’attribution appropriée.</p>
<p style="font-weight: 400">Veuillez contacter Andrea Webb si vous prévoyez utiliser les ressources de manières différentes celle prévue dans la description ci-dessus ou encore si vous voulez les utiliser dans d’autres contextes.</p>

<h2>Vidéos</h2>
<p style="font-weight: 400">Les vidéos intégrées sont utilisées avec l’autorisation des <a href="https://collections.vhec.org/Testimony/Index">Vancouver Holocaust Education Centre, Collections (Holocaust Testimony)</a>. Les vidéos sont disponibles uniquement à des fins de recherche et d’éducation. <a href="https://collections.vhec.org/About/connect">Contactez</a> le VHEC pour demander l’accès aux enregistrements complets.</p>

<p style="font-weight: 400">Cette ressource éducative est partagée sous la licence Creative Commons BY-NC. Vous avez le droit de/d’ :</p>
<ol>
<li><strong>partager </strong>– de copier et de redistribuer le matériel sur n’importe quel support ou dans n’importe quel format, et</li>
<li><strong>adapter</strong> – de modifier, de transformer et de développer le matériel</li>
</ol>
<p style="font-weight: 400">à condition que vous n’utilisiez pas les ressources pour un usage commercial et que vous fournissiez l’attribution appropriée.</p>
<p style="font-weight: 400">Veuillez contacter Andrea Webb si vous prévoyez utiliser les ressources de manières différentes celle prévue dans la description ci-dessus ou encore si vous voulez les utiliser dans d’autres contextes.</p>
<h2>Vidéos</h2>
<p style="font-weight: 400">Les vidéos intégrées sont utilisées avec l’autorisation des <a href="https://collections.vhec.org/Testimony/Index">Vancouver Holocaust Education Centre, Collections (Holocaust Testimony)</a>. Les vidéos sont disponibles uniquement à des fins de recherche et d’éducation. <a href="https://collections.vhec.org/About/connect">Contactez</a> le VHEC pour demander l’accès aux enregistrements complets.</p>
