{"id":111,"date":"2025-09-11T19:26:16","date_gmt":"2025-09-11T23:26:16","guid":{"rendered":"https:\/\/pressbooks.bccampus.ca\/butiliveresourcefrancais\/?post_type=part&#038;p=111"},"modified":"2026-04-27T13:45:52","modified_gmt":"2026-04-27T17:45:52","slug":"thirteen-secrets-nico-et-rolf-kamp-et-gilad-seliktar","status":"publish","type":"part","link":"https:\/\/pressbooks.bccampus.ca\/butiliveresourcefrancais\/part\/thirteen-secrets-nico-et-rolf-kamp-et-gilad-seliktar\/","title":{"raw":"2. \u00ab Thirteen Secrets \u00bb \u2013 Nico et Rolf Kamp et Gilad Seliktar","rendered":"2. \u00ab Thirteen Secrets \u00bb \u2013 Nico et Rolf Kamp et Gilad Seliktar"},"content":{"raw":"<p style=\"font-weight: 400\">Les le\u00e7ons de cette section s\u2019appuient sur des documents suppl\u00e9mentaires tir\u00e9s de <em>But I Live<\/em>. Nico et Rolf Kamp ont fourni des informations sur eux-m\u00eames, en utilisant leurs propres mots (Nico, p.\u00a0163\u2013164 et Rolf, p.\u00a0165\u2013167). Pour plus d\u2019informations sur comment survivre dans la clandestinit\u00e9, lisez \u00ab\u00a0Surviving in Hiding from the Nazis \u00bb, par Dienke Hondius (p.\u00a0137\u2013146).\u00a0 En outre, <a href=\"https:\/\/pressbooks.bccampus.ca\/butiliveresourcefrancais\/back-matter\/la-carte\/\"><span style=\"color: #000000\">cette carte montre les d\u00e9placements de Nico et Rolf pendant l\u2019Holocauste<\/span><\/a><span style=\"text-decoration: underline\"><span style=\"color: #000080;text-decoration: underline\">.<\/span><\/span><\/p>\r\n\r\n<div class=\"textbox textbox--learning-objectives\"><header class=\"textbox__header\">\r\n<p style=\"font-weight: 400\">Objectifs d\u2019apprentissage<\/p>\r\n\r\n<\/header>\r\n<div class=\"textbox__content\">\r\n<p style=\"font-weight: 400\">Les \u00e9l\u00e8ves seront capables de\/d\u2019 :<\/p>\r\n\r\n<ul>\r\n \t<li>examiner les \u00e9v\u00e8nements historiques entourant les r\u00e9cits graphiques \u00e9tudi\u00e9s.<\/li>\r\n \t<li>explorer les effets de la g\u00e9ographie sur l\u2019\u00e9tude de l\u2019Holocauste.<\/li>\r\n \t<li>s\u2019entrainer \u00e0 la lecture attentive du texte et des images des r\u00e9cits graphiques.<\/li>\r\n<\/ul>\r\n<\/div>\r\n<\/div>\r\n<h2>Questions directrices<\/h2>\r\n<ul>\r\n \t<li>Comment l\u2019Holocauste a-t-il \u00e9t\u00e9 v\u00e9cu dans diff\u00e9rentes lieux ?<\/li>\r\n \t<li>Comment les populations des diff\u00e9rentes r\u00e9gions ont-elles \u00e9t\u00e9 affect\u00e9es ?<\/li>\r\n<\/ul>\r\n<h2>S\u00e9quence<\/h2>\r\n<ul>\r\n \t<li><span style=\"color: #000000\">Le\u00e7on 1\u00a0:\u00a0<a href=\"https:\/\/pressbooks.bccampus.ca\/butiliveresourcefrancais\/chapter\/thirteen-secrets-une-introduction\/\">\u00ab\u00a0Thirteen Secrets\u00a0\u00bb\u00a0:\u00a0une introduction<\/a><\/span><\/li>\r\n \t<li><span style=\"color: #000000\">Le\u00e7on 2\u00a0:\u00a0<a href=\"https:\/\/pressbooks.bccampus.ca\/butiliveresourcefrancais\/chapter\/lholocauste-et-la-geographie\/\">L\u2019Holocauste et la g\u00e9ographie<\/a><\/span><\/li>\r\n \t<li><span style=\"color: #000000\">Le\u00e7on 3 : <a href=\"https:\/\/pressbooks.bccampus.ca\/butiliveresourcefrancais\/chapter\/une-introduction-au-reseau-clandestin\/\">Une introduction au r\u00e9seau clandestin<\/a><\/span><\/li>\r\n \t<li><span style=\"color: #000000\"><span style=\"text-align: initial;font-size: 1em\">Le\u00e7on 4\u00a0:\u00a0<a href=\"https:\/\/pressbooks.bccampus.ca\/butiliveresourcefrancais\/chapter\/recapitulation\/\">R\u00e9capitulation<\/a><\/span><\/span><\/li>\r\n<\/ul>","rendered":"<p style=\"font-weight: 400\">Les le\u00e7ons de cette section s\u2019appuient sur des documents suppl\u00e9mentaires tir\u00e9s de <em>But I Live<\/em>. Nico et Rolf Kamp ont fourni des informations sur eux-m\u00eames, en utilisant leurs propres mots (Nico, p.\u00a0163\u2013164 et Rolf, p.\u00a0165\u2013167). Pour plus d\u2019informations sur comment survivre dans la clandestinit\u00e9, lisez \u00ab\u00a0Surviving in Hiding from the Nazis \u00bb, par Dienke Hondius (p.\u00a0137\u2013146).\u00a0 En outre, <a href=\"https:\/\/pressbooks.bccampus.ca\/butiliveresourcefrancais\/back-matter\/la-carte\/\"><span style=\"color: #000000\">cette carte montre les d\u00e9placements de Nico et Rolf pendant l\u2019Holocauste<\/span><\/a><span style=\"text-decoration: underline\"><span style=\"color: #000080;text-decoration: underline\">.<\/span><\/span><\/p>\n<div class=\"textbox textbox--learning-objectives\">\n<header class=\"textbox__header\">\n<p style=\"font-weight: 400\">Objectifs d\u2019apprentissage<\/p>\n<\/header>\n<div class=\"textbox__content\">\n<p style=\"font-weight: 400\">Les \u00e9l\u00e8ves seront capables de\/d\u2019 :<\/p>\n<ul>\n<li>examiner les \u00e9v\u00e8nements historiques entourant les r\u00e9cits graphiques \u00e9tudi\u00e9s.<\/li>\n<li>explorer les effets de la g\u00e9ographie sur l\u2019\u00e9tude de l\u2019Holocauste.<\/li>\n<li>s\u2019entrainer \u00e0 la lecture attentive du texte et des images des r\u00e9cits graphiques.<\/li>\n<\/ul>\n<\/div>\n<\/div>\n<h2>Questions directrices<\/h2>\n<ul>\n<li>Comment l\u2019Holocauste a-t-il \u00e9t\u00e9 v\u00e9cu dans diff\u00e9rentes lieux ?<\/li>\n<li>Comment les populations des diff\u00e9rentes r\u00e9gions ont-elles \u00e9t\u00e9 affect\u00e9es ?<\/li>\n<\/ul>\n<h2>S\u00e9quence<\/h2>\n<ul>\n<li><span style=\"color: #000000\">Le\u00e7on 1\u00a0:\u00a0<a href=\"https:\/\/pressbooks.bccampus.ca\/butiliveresourcefrancais\/chapter\/thirteen-secrets-une-introduction\/\">\u00ab\u00a0Thirteen Secrets\u00a0\u00bb\u00a0:\u00a0une introduction<\/a><\/span><\/li>\n<li><span style=\"color: #000000\">Le\u00e7on 2\u00a0:\u00a0<a href=\"https:\/\/pressbooks.bccampus.ca\/butiliveresourcefrancais\/chapter\/lholocauste-et-la-geographie\/\">L\u2019Holocauste et la g\u00e9ographie<\/a><\/span><\/li>\n<li><span style=\"color: #000000\">Le\u00e7on 3 : <a href=\"https:\/\/pressbooks.bccampus.ca\/butiliveresourcefrancais\/chapter\/une-introduction-au-reseau-clandestin\/\">Une introduction au r\u00e9seau clandestin<\/a><\/span><\/li>\n<li><span style=\"color: #000000\"><span style=\"text-align: initial;font-size: 1em\">Le\u00e7on 4\u00a0:\u00a0<a href=\"https:\/\/pressbooks.bccampus.ca\/butiliveresourcefrancais\/chapter\/recapitulation\/\">R\u00e9capitulation<\/a><\/span><\/span><\/li>\n<\/ul>\n","protected":false},"parent":0,"menu_order":2,"template":"","meta":{"pb_part_invisible":false,"pb_part_invisible_string":""},"contributor":[],"license":[],"class_list":["post-111","part","type-part","status-publish","hentry"],"_links":{"self":[{"href":"https:\/\/pressbooks.bccampus.ca\/butiliveresourcefrancais\/wp-json\/pressbooks\/v2\/parts\/111","targetHints":{"allow":["GET"]}}],"collection":[{"href":"https:\/\/pressbooks.bccampus.ca\/butiliveresourcefrancais\/wp-json\/pressbooks\/v2\/parts"}],"about":[{"href":"https:\/\/pressbooks.bccampus.ca\/butiliveresourcefrancais\/wp-json\/wp\/v2\/types\/part"}],"version-history":[{"count":11,"href":"https:\/\/pressbooks.bccampus.ca\/butiliveresourcefrancais\/wp-json\/pressbooks\/v2\/parts\/111\/revisions"}],"predecessor-version":[{"id":885,"href":"https:\/\/pressbooks.bccampus.ca\/butiliveresourcefrancais\/wp-json\/pressbooks\/v2\/parts\/111\/revisions\/885"}],"wp:attachment":[{"href":"https:\/\/pressbooks.bccampus.ca\/butiliveresourcefrancais\/wp-json\/wp\/v2\/media?parent=111"}],"wp:term":[{"taxonomy":"contributor","embeddable":true,"href":"https:\/\/pressbooks.bccampus.ca\/butiliveresourcefrancais\/wp-json\/wp\/v2\/contributor?post=111"},{"taxonomy":"license","embeddable":true,"href":"https:\/\/pressbooks.bccampus.ca\/butiliveresourcefrancais\/wp-json\/wp\/v2\/license?post=111"}],"curies":[{"name":"wp","href":"https:\/\/api.w.org\/{rel}","templated":true}]}}

<p style="font-weight: 400">Les leçons de cette section s’appuient sur des documents supplémentaires tirés de <em>But I Live</em>. Nico et Rolf Kamp ont fourni des informations sur eux-mêmes, en utilisant leurs propres mots (Nico, p. 163–164 et Rolf, p. 165–167). Pour plus d’informations sur comment survivre dans la clandestinité, lisez « Surviving in Hiding from the Nazis », par Dienke Hondius (p. 137–146).  En outre, <a href="https://pressbooks.bccampus.ca/butiliveresourcefrancais/back-matter/la-carte/"><span style="color: #000000">cette carte montre les déplacements de Nico et Rolf pendant l’Holocauste</span></a><span style="text-decoration: underline"><span style="color: #000080;text-decoration: underline">.</span></span></p>

<div class="textbox textbox--learning-objectives"><header class="textbox__header">
<p style="font-weight: 400">Objectifs d’apprentissage</p>

</header>
<div class="textbox__content">
<p style="font-weight: 400">Les élèves seront capables de/d’ :</p>

<ul>
 	<li>examiner les évènements historiques entourant les récits graphiques étudiés.</li>
 	<li>explorer les effets de la géographie sur l’étude de l’Holocauste.</li>
 	<li>s’entrainer à la lecture attentive du texte et des images des récits graphiques.</li>
</ul>
</div>
</div>
<h2>Questions directrices</h2>
<ul>
 	<li>Comment l’Holocauste a-t-il été vécu dans différentes lieux ?</li>
 	<li>Comment les populations des différentes régions ont-elles été affectées ?</li>
</ul>
<h2>Séquence</h2>
<ul>
 	<li><span style="color: #000000">Leçon 1 : <a href="https://pressbooks.bccampus.ca/butiliveresourcefrancais/chapter/thirteen-secrets-une-introduction/">« Thirteen Secrets » : une introduction</a></span></li>
 	<li><span style="color: #000000">Leçon 2 : <a href="https://pressbooks.bccampus.ca/butiliveresourcefrancais/chapter/lholocauste-et-la-geographie/">L’Holocauste et la géographie</a></span></li>
 	<li><span style="color: #000000">Leçon 3 : <a href="https://pressbooks.bccampus.ca/butiliveresourcefrancais/chapter/une-introduction-au-reseau-clandestin/">Une introduction au réseau clandestin</a></span></li>
 	<li><span style="color: #000000"><span style="text-align: initial;font-size: 1em">Leçon 4 : <a href="https://pressbooks.bccampus.ca/butiliveresourcefrancais/chapter/recapitulation/">Récapitulation</a></span></span></li>
</ul>

<p style="font-weight: 400">Les leçons de cette section s’appuient sur des documents supplémentaires tirés de <em>But I Live</em>. Nico et Rolf Kamp ont fourni des informations sur eux-mêmes, en utilisant leurs propres mots (Nico, p. 163–164 et Rolf, p. 165–167). Pour plus d’informations sur comment survivre dans la clandestinité, lisez « Surviving in Hiding from the Nazis », par Dienke Hondius (p. 137–146).  En outre, <a href="https://pressbooks.bccampus.ca/butiliveresourcefrancais/back-matter/la-carte/"><span style="color: #000000">cette carte montre les déplacements de Nico et Rolf pendant l’Holocauste</span></a><span style="text-decoration: underline"><span style="color: #000080;text-decoration: underline">.</span></span></p>
<div class="textbox textbox--learning-objectives">
<header class="textbox__header">
<p style="font-weight: 400">Objectifs d’apprentissage</p>
</header>
<div class="textbox__content">
<p style="font-weight: 400">Les élèves seront capables de/d’ :</p>
<ul>
<li>examiner les évènements historiques entourant les récits graphiques étudiés.</li>
<li>explorer les effets de la géographie sur l’étude de l’Holocauste.</li>
<li>s’entrainer à la lecture attentive du texte et des images des récits graphiques.</li>
</ul>
</div>
</div>
<h2>Questions directrices</h2>
<ul>
<li>Comment l’Holocauste a-t-il été vécu dans différentes lieux ?</li>
<li>Comment les populations des différentes régions ont-elles été affectées ?</li>
</ul>
<h2>Séquence</h2>
<ul>
<li><span style="color: #000000">Leçon 1 : <a href="https://pressbooks.bccampus.ca/butiliveresourcefrancais/chapter/thirteen-secrets-une-introduction/">« Thirteen Secrets » : une introduction</a></span></li>
<li><span style="color: #000000">Leçon 2 : <a href="https://pressbooks.bccampus.ca/butiliveresourcefrancais/chapter/lholocauste-et-la-geographie/">L’Holocauste et la géographie</a></span></li>
<li><span style="color: #000000">Leçon 3 : <a href="https://pressbooks.bccampus.ca/butiliveresourcefrancais/chapter/une-introduction-au-reseau-clandestin/">Une introduction au réseau clandestin</a></span></li>
<li><span style="color: #000000"><span style="text-align: initial;font-size: 1em">Leçon 4 : <a href="https://pressbooks.bccampus.ca/butiliveresourcefrancais/chapter/recapitulation/">Récapitulation</a></span></span></li>
</ul>
